.
64
Let t(z) = -2*z**3 - 97*z**2 - 115*z + 1193. Give t(-47).
-29
Let d(l) = -l**3 - 112*l**2 - 2851*l - 188. Determine d(-39).
-32
Let y(o) = -250*o + 7258. Determine y(29).
8
Let n(a) = -8*a + 71. What is n(6)?
23
Let w(s) = s**3 + 14*s**2 - 120*s + 202. Give w(3).
-5
Let n(t) = t**2 + 8*t - 186. What is n(21)?
423
Let v(m) = 14*m - 905. Calculate v(66).
19
Let l(a) = -a**3 + 24*a**2 - 16*a - 44. What is l(23)?
117
Let i(c) = -49*c - 127. Calculate i(-3).
20
Let a(v) = -v**3 + 24*v**2 + 34*v - 257. Calculate a(25).
-32
Let q(w) = -10*w**3 + 9*w**2 - 41*w + 8. Calculate q(3).
-304
Let g(v) = v**2 - 4*v + 69. Calculate g(18).
321
Let o(t) = t**3 + 66*t**2 - 429*t + 217. Give o(-72).
1
Let z(u) = 5*u - 423. Determine z(93).
42
Let p(l) = l**3 + 12*l**2 - 10*l - 62. What is p(-13)?
-101
Let v(z) = 2*z**2 - 379*z - 759. What is v(-2)?
7
Let n(g) = -19*g + 164. Calculate n(10).
-26
Let n(y) = 4*y**3 - 46*y**2 + 6*y + 26. Determine n(11).
-150
Let r(d) = -40*d + 1532. What is r(38)?
12
Let y(k) = -9*k - 181. Determine y(-19).
-10
Let b(v) = -3*v**2 - 254*v + 649. Give b(-87).
40
Let w(o) = 5*o**2 - 14*o - 68. Determine w(-4).
68
Let c(f) = 7*f**2 - 18*f + 14. Give c(5).
99
Let a(z) = z**2 - 20*z - 967. Determine a(42).
-43
Let x(w) = -w**2 + 40*w - 461. Give x(27).
-110
Let v(o) = -39*o - 196. Calculate v(-9).
155
Let p(v) = 4*v**2 - 200*v + 580. Determine p(3).
16
Let j(o) = -5*o**2 - 280*o + 344. Calculate j(-57).
59
Let d(h) = 4*h**3 + 15*h**2 + 11*h - 44. Give d(-4).
-104
Let d(y) = -44*y**2 - 963*y + 148. What is d(-22)?
38
Let a(c) = -c**3 - 24*c**2 - 44*c - 11. Determine a(-22).
-11
Let l(y) = -3*y + 45. Determine l(6).
27
Let o(a) = a**2 + 33*a + 6. Give o(-34).
40
Let u(q) = -q**3 - 22*q**2 - 26*q - 118. What is u(-21)?
-13
Let c(f) = f**3 - 4*f**2 - 18*f - 5. Calculate c(-2).
7
Let r(v) = -v**2 + 240*v - 5189. Give r(216).
-5
Let m(c) = -35*c + 247. Calculate m(0).
247
Let t(q) = -171*q - 1027. Calculate t(-6).
-1
Let h(j) = j**2 - 5*j - 109. Calculate h(20).
191
Let v(m) = 220*m + 2662. What is v(-12)?
22
Let s(z) = -3*z**2 - z + 157. What is s(0)?
157
Let z(s) = -s**3 - 52*s**2 - 56*s - 262. Determine z(-51).
-7
Let t(c) = 4*c**2 - 59*c + 225. What is t(7)?
8
Let p(z) = 1255*z + 1272. What is p(-1)?
17
Let i(c) = -c**3 + 11*c**2 + 44*c - 24. What is i(14)?
4
Let h(s) = s**2 - 45*s + 372. Calculate h(29).
-92
Let v(t) = 481*t + 8650. Determine v(-18).
-8
Let v(y) = -3*y**2 + 20*y + 74. Give v(-6).
-154
Let y(d) = 198*d - 191. What is y(3)?
403
Let x(o) = o**3 + 9*o**2 + 4*o + 98. Determine x(-10).
-42
Let q(f) = -f**2 + 494*f - 8. Determine q(0).
-8
Let x(w) = 5*w**2 - 3*w - 7. Determine x(-6).
191
Let l(h) = 3044*h - 60891. What is l(20)?
-11
Let r(u) = -2*u**3 + 24*u**2 - 56*u + 18. What is r(9)?
0
Let z(f) = -2*f**3 + 25*f**2 - 117*f + 162. Give z(4).
-34
Let z(r) = 783*r + 8467. What is z(-11)?
-146
Let w(t) = -9*t**2 - 267*t + 378. Calculate w(-31).
6
Let z(y) = 13*y**2 + 535*y + 69. Give z(-41).
-13
Let v(b) = 14112*b - 70572. Determine v(5).
-12
Let r(l) = 3*l**3 - 34*l**2 + 95*l - 29. What is r(9)?
259
Let i(a) = -a**3 + 51*a**2 + 128*a - 1358. Give i(53).
-192
Let t(x) = -12*x**2 - 339*x + 348. What is t(1)?
-3
Let s(f) = 2*f**3 - 27*f**2 + 14*f - 18. Calculate s(13).
-5
Let p(g) = -3*g**3 + 4*g**2 - 24*g + 43. Calculate p(2).
-13
Let a(o) = 2*o**3 - 99*o**2 - 153*o + 22. Give a(51).
22
Let z(m) = -42*m + 27. What is z(-9)?
405
Let m(s) = -14*s**2 - 381*s - 445. Calculate m(-26).
-3
Let h(g) = -g**2 + 85*g - 1449. Calculate h(62).
-23
Let m(g) = -g**2 + 49*g + 46. Determine m(52).
-110
Let v(l) = -2*l**2 - 530*l + 3229. What is v(6)?
-23
Let h(m) = 2*m**2 - 10*m - 106. Determine h(10).
-6
Let i(m) = m**2 + 170*m - 2171. Calculate i(12).
13
Let q(y) = 32*y**2 - 374*y + 138. Determine q(11).
-104
Let g(f) = -2*f**3 - 25*f**2 - 15*f + 9. What is g(-12)?
45
Let l(y) = 7*y**3 + 624*y**2 + 91*y + 164. What is l(-89)?
-14
Let f(h) = h**2 + 6*h - 42. Determine f(0).
-42
Let w(k) = -k**2 + 30*k - 160. Give w(23).
1
Let c(p) = 3*p**2 + 34*p + 89. Calculate c(-11).
78
Let u(k) = -4*k**2 + 61*k - 14. Calculate u(15).
1
Let t(n) = -2*n**2 + 30*n - 147. Determine t(5).
-47
Let w(b) = -b**3 + 23*b**2 + 76*b + 113. Give w(26).
61
Let k(j) = j**3 + 25*j**2 + 16*j - 103. Give k(-25).
-503
Let v(r) = r**2 - 242*r - 14. What is v(0)?
-14
Let q(x) = -x**2 - 4*x + 45. Give q(-6).
33
Let n(f) = f**2 - 34*f + 6. Give n(41).
293
Let t(u) = -3*u**3 - 115*u**2 - 34*u - 63. Determine t(-38).
-215
Let j(z) = 5*z**2 - 3080*z + 12299. Determine j(4).
59
Let u(q) = -4*q**2 - 173*q + 56. Give u(-43).
99
Let n(x) = -2*x**3 - 24*x**2 - 61*x + 59. Determine n(-6).
-7
Let t(l) = 3*l**2 + 53*l + 125. Give t(-14).
-29
Let z(o) = -o**3 + 23*o**2 + 45*o + 129. Calculate z(25).
4
Let l(d) = 32*d - 166. Give l(11).
186
Let g(d) = -3*d**2 + 276*d - 1545. Calculate g(86).
3
Let w(l) = -19*l**2 - 7*l + 25. Determine w(3).
-167
Let k(t) = -6*t - 407. Give k(-63).
-29
Let r(z) = -889*z - 7115. Give r(-8).
-3
Let r(k) = -5*k**3 - 42*k**2 + 93*k - 13. Determine r(2).
-35
Let f(m) = -174*m - 2162. Calculate f(-12).
-74
Let u(o) = -o**3 - 10*o**2 + 489*o - 63. Determine u(-28).
357
Let z(a) = -1645*a - 1761. Determine z(-1).
-116
Let a(v) = -v**3 - 28*v**2 + 93*v + 2. What is a(-31)?
2
Let y(m) = 15*m**3 - 3*m**2 - 5*m - 6. Determine y(-2).
-128
Let t(v) = -2*v**2 + 463*v - 22706. Determine t(161).
-5
Let p(g) = -6*g**2 - 29*g - 6. Determine p(-4).
14
Let i(p) = p**2 - 167*p + 2079. Determine i(13).
77
Let g(w) = 34*w + 4298. Determine g(-129).
-88
Let m(n) = -138*n**2 + 1253*n - 105. What is m(9)?
-6
Let q(a) = -17*a - 161. Determine q(7).
-280
Let s(k) = -8394*k - 16799. Give s(-2).
-11
Let x(z) = 1174*z + 24664. Determine x(-21).
10
Let z(a) = a**3 - 17*a**2 - 46*a - 3. Give z(19).
-155
Let q(h) = -h**3 + 49*h**2 + 104*h - 124. Calculate q(51).
-22
Let w(u) = 3*u**3 - 37*u**2 + 111*u + 3. Determine w(5).
8
Let s(q) = -11*q**3 + q**2 - 15. Determine s(4).
-703
Let s(r) = r**2 + 24*r - 252. What is s(-32)?
4
Let h(s) = -s**3 - 48*s**2 - 49*s - 78. Give h(-47).
16
Let q(c) = 19*c - 51. Calculate q(-3).
-108
Let i(p) = 79*p**3 - 4*p**2 - 12*p - 8. Determine i(-2).
-632
Let n(r) = r**3 + 28*r**2 - 29*r - 77. Determine n(-29).
-77
Let j(c) = -2393*c + 9559. What is j(4)?
-13
Let f(n) = 13*n**3 - 77*n**2 - n - 17. Give f(6).
13
Let a(h) = -123*h**2 + 14*h - 12. Give a(1).
-121
Let b(u) = u**2 - 698*u + 3438. Determine b(5).
-27
Let a(y) = -107*y - 3462. Give a(-32).
-38
Let o(b) = -2911*b - 2916. Determine o(-1).
-5
Let f(q) = -237*q + 476. What is f(2)?
2
Let s(k) = -5*k**2 - 11*k - 144. Give s(-9).
-450
Let t(w) = -164*w + 3622. Give t(23).
-150
Let o(r) = r**2 + 26*r + 44. Give o(-17).
-109
Let y(l) = -24*l**2 - 146*l - 28. Determine y(-6).
-16
Let b(x) = 43*x - 512. Calculate b(-5).
-727
Let o(v) = 53*v + 177. Calculate o(-3).
18
Let y(l) = -58*l - 162. Determine y(-3).
12
Let r(m) = 1197*m - 5993. Determine r(5).
-8
Let b(o) = -o**3 - 10*o**2 + 77*o + 192. Calculate b(-2).
6
Let n(c) = -c**2 - 100*c + 2005. Determine n(17).
16
Let p(s) = -5*s**2 - 111*s + 8676. What is p(32)?
4
Let k(m) = -1043*m + 1034. Calculate k(1).
-9
Let p(r) = -159*r**3 + 2*r**2 - 4*r + 3. Calculate p(1).
-158
Let d(g) = -g**2 - 13*g + 1704. What is d(-48)?
24
Let c(u) = 12*u**2 - 7*u - 8. Calculate c(-1).
11
Let t(y) = 2*y**2 - 95*y - 179. Give t(49).
-32
Let q(c) = -3*c**3 - 203*c**2 - 327*c + 202. Determine q(-66).
4
Let h(g) = 3*g**2 + 43*g - 41. What is h(1)?
5
Let t(l) = -16*l**3 - 753*l**2 - 45*l + 61. Give t(-47).
-33
Let x(m) = -m**3 + 14*m**2 + 4*m - 38. Calculate x(12).
298
Let v(s) = 1491*s - 11925. Calculate v(8).
3
Let s(p) = -p**3 + 15*p**2 - 16*p - 77. Determine s(7).
203
Let m(f) = f**3 + f**2 - 29*f - 57. Calculate m(-5).
-12
Let z(i) = -i**2 + i + 27. What is z(-14)?
-183
Let n(o) = -o**3 - 11*o**2 + 55*o - 91. Calculate n(-15).
-16
Let v(k) = -6*k**2 - 36*k - 287. Calculate v(-7).
-329
Let j(d) = d**3 + 10*d**2 + 23*d + 123. Calculate j(-7).
109
Let q(g) = -22*g - 2668. Calculate q(-124).
60
Let y(m) = m**3 + 100*m**2 - 1465*m + 463. Calculate y(-113).
11
Let x(s) = -1178*s - 173. What is x(0)?
-173
Let o(r) = 60*r + 73. What is o(-1)?
13
Let h(m) = 6*m + 178. Give h(-22).
46
Let